{"id":913,"date":"2020-02-25T09:50:04","date_gmt":"2020-02-25T09:50:04","guid":{"rendered":"http:\/\/www.hetpannekoekenhuisje.nl\/noordwijk\/?page_id=913"},"modified":"2020-03-03T14:14:14","modified_gmt":"2020-03-03T14:14:14","slug":"datenschutzerklaerung","status":"publish","type":"page","link":"https:\/\/www.hetpannekoekenhuisje.nl\/noordwijk\/de\/datenschutzerklaerung\/","title":{"rendered":"Datenschutzerkl\u00e4rung"},"content":{"rendered":"<p>[vc_row css_animation=&#8221;&#8221; row_type=&#8221;row&#8221; use_row_as_full_screen_section=&#8221;no&#8221; type=&#8221;full_width&#8221; angled_section=&#8221;no&#8221; text_align=&#8221;left&#8221; background_image_as_pattern=&#8221;without_pattern&#8221;][vc_column width=&#8221;1\/4&#8243;][\/vc_column][vc_column width=&#8221;1\/2&#8243;][vc_empty_space height=&#8221;75&#8243;][vc_column_text]<\/p>\n<h6 style=\"text-align: left;\">Datenschutzerkl\u00e4rung<\/h6>\n<p>[\/vc_column_text][vc_empty_space height=&#8221;25px&#8221;][\/vc_column][vc_column width=&#8221;1\/4&#8243;][\/vc_column][\/vc_row][vc_row css_animation=&#8221;&#8221; row_type=&#8221;row&#8221; use_row_as_full_screen_section=&#8221;no&#8221; type=&#8221;full_width&#8221; angled_section=&#8221;no&#8221; text_align=&#8221;left&#8221; background_image_as_pattern=&#8221;without_pattern&#8221;][vc_column width=&#8221;1\/4&#8243;][\/vc_column][vc_column width=&#8221;1\/2&#8243;][vc_column_text]&#8217;t Pannekoekenhuisje Noordwijk, Koningin Wilhelmina Blv 15A\/B 2202GT, ist f\u00fcr die Verarbeitung personenbezogener Daten gem\u00e4\u00df dieser Datenschutzerkl\u00e4rung verantwortlich.<\/p>\n<p><strong><br \/>\nKontaktinformationen<\/strong><br \/>\nhetpannekoekenhuisje.nl<br \/>\nKoningin Wilhelmina Blv 15A\/B<br \/>\n2202GT, Noordwijk<br \/>\n071-3616850<\/p>\n<p><strong><br \/>\nPersonenbezogene Daten<\/strong><br \/>\n\u2018t Pannekoekenhuisje Noordwijk verarbeitet Ihre personenbezogener Daten, weil Sie unsere Dienste nutzen und \/ oder weil Sie uns diese selbst zur Verf\u00fcgung stellen. Nachfolgend finden Sie eine \u00dcbersicht \u00fcber die von uns verarbeiteten personenbezogener Daten:<\/p>\n<p>&#8211; Vor- und Nachname<br \/>\n&#8211; Herr\/Frau<br \/>\n&#8211; Geburtsdatum<br \/>\n&#8211; Geburtsort<br \/>\n&#8211; Adressdaten<br \/>\n&#8211; Telefonnummer<br \/>\n&#8211; E-Mail-Adresse<br \/>\n&#8211; Bankkontonummer<\/p>\n<p><strong><br \/>\nSpezielle und \/ oder sensible personenbezogene Daten<\/strong><br \/>\n\u2018t Pannekoekenhuisje Noordwijk verarbeitet die folgenden speziellen und \/ oder sensiblen pers\u00f6nlichen Daten von Ihnen:<\/p>\n<p>&#8211; Daten von Personen unter 16 Jahren: Unsere Website und \/ oder unser Dienst beabsichtigen nicht, Daten \u00fcber Website-Besucher zu sammeln, die j\u00fcnger als 16 Jahre sind. Es sei denn, sie haben die Erlaubnis der Eltern oder Erziehungsberechtigten. Wir k\u00f6nnen jedoch nicht \u00fcberpr\u00fcfen, ob ein Besucher \u00e4lter als 16 Jahre ist. Wir empfehlen Eltern daher, sich an den Online-Aktivit\u00e4ten ihrer Kinder zu beteiligen, um zu verhindern, dass Daten \u00fcber Kinder ohne Zustimmung der Eltern gesammelt werden. Wenn Sie davon \u00fcberzeugt sind, dass wir ohne diese Erlaubnis personenbezogene Daten \u00fcber Minderj\u00e4hrige gesammelt haben, kontaktieren Sie uns bitte und wir werden diese Daten entfernen (Kontakt E-Mail: noordwijk@hetpannekoekenhuisje.nl).<\/p>\n<p><strong><br \/>\nZu welchem Zweck und auf welcher Grundlage verarbeiten wir personenbezogener Daten<\/strong><br \/>\n\u2018t Pannekoekenhuisje Noordwijk verarbeitet Ihre personenbezogenen Daten zu folgenden Zwecken:<\/p>\n<p>&#8211; Abwicklung Ihrer Zahlung<br \/>\n&#8211; Versand unseres Newsletters und \/ oder unserer Werbebrosch\u00fcre<br \/>\n&#8211; Sie anrufen oder per E-Mail kontaktieren k\u00f6nnen, wenn dies zur Erbringung unserer Dienstleistungen erforderlich ist<br \/>\n&#8211; Informieren Sie \u00fcber \u00c4nderungen an unseren Dienstleistungen und Produkten<br \/>\n&#8211; Automatisierte Entscheidungsfindung<\/p>\n<p>\u2018t Pannekoekenhuisje Noordwijk trifft keine Entscheidungen auf der Grundlage einer automatisierten Verarbeitung von Angelegenheiten, die (erhebliche) Konsequenzen f\u00fcr Personen haben k\u00f6nnen. Dies sind Entscheidungen, die von Computerprogrammen oder -systemen getroffen werden, ohne dass dazwischen eine Person (z. B. ein Mitarbeiter von Pannekoekenhuisje Noordwijk) liegt.<\/p>\n<p><strong><br \/>\nWie lange speichern wir personenbezogene Daten?<\/strong><br \/>\n\u2018t Pannekoekenhuisje Noordwijk speichert Ihre personenbezogenen Daten nicht l\u00e4nger als unbedingt erforderlich. Wir speichern Ihre Daten bis zu zwei Jahre nach Schlie\u00dfung des Unternehmens.<\/p>\n<p><strong>Weitergabe personenbezogener Daten an Dritte<\/strong><br \/>\n\u2018t Pannekoekenhuisje Noordwijk stellt nur an Dritte wenn dies zur Umsetzung unserer Vereinbarung mit Ihnen oder wenn zur Einhaltung einer gesetzlichen Verpflichtung erforderlich ist.<\/p>\n<p><strong><br \/>\nCookies oder \u00e4hnliche Techniken, die wir verwenden<\/strong><br \/>\n\u2018t Pannekoekenhuisje Noordwijk verwendet nur technische und funktionale Cookies. Und analytische Cookies, die Ihre Privatsph\u00e4re nicht verletzen. Ein Cookie ist ein kleiner Tekst (Textdatei), die beim ersten Besuch dieser Website auf Ihrem Computer, Tablet oder Smartphone gespeichert wird. Die von uns verwendeten Cookies sind f\u00fcr den technischen Betrieb der Website und Ihre Benutzerfreundlichkeit erforderlich. Sie stellen sicher, dass die Website ordnungsgem\u00e4\u00df funktioniert, und erinnern sich beispielsweise an Ihre Einstellungen. Damit k\u00f6nnen wir auch unsere Website optimieren. Sie k\u00f6nnen Cookies deaktivieren, indem Sie Ihren Internetbrowser so einstellen, dass keine Cookies mehr gespeichert werden. Dar\u00fcber hinaus k\u00f6nnen Sie auch alle Informationen l\u00f6schen, die zuvor \u00fcber die Einstellungen Ihres Browsers gespeichert wurden.<\/p>\n<p><strong><br \/>\nAnzeigen, \u00c4ndern oder L\u00f6schen von Daten<\/strong><\/p>\n<p>Sie haben das Recht, Ihre pers\u00f6nlichen Daten anzuzeigen, zu korrigieren oder zu l\u00f6schen. Dar\u00fcber hinaus haben Sie das Recht, Ihre Einwilligung zur Datenverarbeitung zu widerrufen oder der Verarbeitung Ihrer personenbezogenen Daten durch Pannekoekenhuisje Noordwijk zu widersprechen, und Sie haben das Recht auf Daten\u00fcbertragbarkeit. Dies bedeutet, dass Sie eine Anfrage an uns senden k\u00f6nnen, um die pers\u00f6nlichen Daten, die wir \u00fcber Sie in einer Computerdatei gespeichert haben, an Sie oder eine andere von Ihnen erw\u00e4hnte Organisation zu senden.<\/p>\n<p>Sie k\u00f6nnen eine Anfrage f\u00fcr den Zugriff, die Korrektur, die L\u00f6schung, die Daten\u00fcbertragung Ihrer pers\u00f6nlichen Daten oder die Aufhebung Ihrer Einwilligung oder den Widerspruch gegen die Verarbeitung Ihrer pers\u00f6nlichen Daten an uns senden (E-Mail: noordwijk@hetpannekoekenhuisje.nl). Um sicherzustellen, dass der Antrag auf \u00dcberpr\u00fcfung von Ihnen gestellt wurde, bitten wir Sie, eine Kopie Ihres Identit\u00e4tsnachweises mit dem Antrag zu senden. Machen Sie in dieser Kopie Ihr Passfoto und Nummern des Passes schwarz. Dies dient zum Schutz Ihrer Privatsph\u00e4re. Wir werden Ihre Anfrage so schnell wie m\u00f6glich, jedoch innerhalb von vier Wochen beantworten. Pannekoekenhuisje Noordwijk m\u00f6chte auch darauf hinweisen, dass Sie die M\u00f6glichkeit haben, eine Beschwerde bei der nationalen Datenschutzbeh\u00f6rde, der niederl\u00e4ndischen Datenschutzbeh\u00f6rde, einzureichen link: https:\/\/autoriteitpersoonsgegevens.nl\/nl\/contact-met-de-autoriteit-persoonsgegevens\/tip-ons<\/p>\n<p><strong><br \/>\nWie wir personenbezogene Daten sch\u00fctzen<\/strong><br \/>\n\u2018t Pannekoekenhuisje Noordwijk nimmt den Schutz Ihrer Daten ernst und ergreift geeignete Ma\u00dfnahmen, um Missbrauch, Verlust, unbefugten Zugriff, unerw\u00fcnschte Offenlegung und unbefugte \u00c4nderungen zu verhindern. Wenn Sie den Eindruck haben, dass Ihre Daten nicht ordnungsgem\u00e4\u00df gesichert sind oder Hinweise auf Missbrauch vorliegen, kontaktieren Sie uns bitte noordwijk@hetpannekoekenhuisje.nl[\/vc_column_text][\/vc_column][vc_column width=&#8221;1\/4&#8243;][\/vc_column][\/vc_row][vc_row css_animation=&#8221;&#8221; row_type=&#8221;row&#8221; use_row_as_full_screen_section=&#8221;no&#8221; type=&#8221;full_width&#8221; angled_section=&#8221;no&#8221; text_align=&#8221;left&#8221; background_image_as_pattern=&#8221;without_pattern&#8221;][vc_column][vc_empty_space height=&#8221;75&#8243;][\/vc_column][\/vc_row][vc_row css_animation=&#8221;&#8221; row_type=&#8221;row&#8221; use_row_as_full_screen_section=&#8221;no&#8221; type=&#8221;full_width&#8221; angled_section=&#8221;no&#8221; text_align=&#8221;left&#8221; background_image=&#8221;469&#8243; background_image_as_pattern=&#8221;with_pattern&#8221; background_color=&#8221;#ce2130&#8243; z_index=&#8221;&#8221; css=&#8221;.vc_custom_1580901169013{background-position: 0 0 !important;background-repeat: repeat !important;}&#8221;][vc_column][vc_empty_space height=&#8221;125px&#8221;][\/vc_column][\/vc_row]<\/p>\n","protected":false},"excerpt":{"rendered":"<p>[vc_row css_animation=&#8221;&#8221; row_type=&#8221;row&#8221; use_row_as_full_screen_section=&#8221;no&#8221; type=&#8221;full_width&#8221; angled_section=&#8221;no&#8221; text_align=&#8221;left&#8221; background_image_as_pattern=&#8221;without_pattern&#8221;][vc_column width=&#8221;1\/4&#8243;][\/vc_column][vc_column width=&#8221;1\/2&#8243;][vc_empty_space height=&#8221;75&#8243;][vc_column_text] Datenschutzerkl\u00e4rung [\/vc_column_text][vc_empty_space height=&#8221;25px&#8221;][\/vc_column][vc_column width=&#8221;1\/4&#8243;][\/vc_column][\/vc_row][vc_row css_animation=&#8221;&#8221; row_type=&#8221;row&#8221; use_row_as_full_screen_section=&#8221;no&#8221; type=&#8221;full_width&#8221; angled_section=&#8221;no&#8221; text_align=&#8221;left&#8221; background_image_as_pattern=&#8221;without_pattern&#8221;][vc_column width=&#8221;1\/4&#8243;][\/vc_column][vc_column width=&#8221;1\/2&#8243;][vc_column_text]&#8217;t Pannekoekenhuisje Noordwijk, Koningin Wilhelmina Blv 15A\/B 2202GT, ist f\u00fcr die Verarbeitung personenbezogener Daten gem\u00e4\u00df dieser Datenschutzerkl\u00e4rung verantwortlich. Kontaktinformationen hetpannekoekenhuisje.nl Koningin Wilhelmina&#8230;<\/p>\n","protected":false},"author":3,"featured_media":0,"parent":0,"menu_order":0,"comment_status":"closed","ping_status":"open","template":"full_width.php","meta":{"inline_featured_image":false,"footnotes":""},"yoast_head":"<!-- This site is optimized with the Yoast SEO plugin v23.3 - https:\/\/yoast.com\/wordpress\/plugins\/seo\/ -->\n<title>Datenschutzerkl\u00e4rung - Het Pannekoekenhuisje Noordwijk<\/title>\n<meta name=\"robots\" content=\"index, follow, max-snippet:-1, max-image-preview:large, max-video-preview:-1\" \/>\n<link rel=\"canonical\" href=\"https:\/\/www.hetpannekoekenhuisje.nl\/noordwijk\/de\/datenschutzerklaerung\/\" \/>\n<meta property=\"og:locale\" content=\"nl_NL\" \/>\n<meta property=\"og:type\" content=\"article\" \/>\n<meta property=\"og:title\" content=\"Datenschutzerkl\u00e4rung - Het Pannekoekenhuisje Noordwijk\" \/>\n<meta property=\"og:description\" content=\"[vc_row css_animation=&#8221;&#8221; row_type=&#8221;row&#8221; use_row_as_full_screen_section=&#8221;no&#8221; type=&#8221;full_width&#8221; angled_section=&#8221;no&#8221; text_align=&#8221;left&#8221; background_image_as_pattern=&#8221;without_pattern&#8221;][vc_column width=&#8221;1\/4&#8243;][\/vc_column][vc_column width=&#8221;1\/2&#8243;][vc_empty_space height=&#8221;75&#8243;][vc_column_text] Datenschutzerkl\u00e4rung [\/vc_column_text][vc_empty_space height=&#8221;25px&#8221;][\/vc_column][vc_column width=&#8221;1\/4&#8243;][\/vc_column][\/vc_row][vc_row css_animation=&#8221;&#8221; row_type=&#8221;row&#8221; use_row_as_full_screen_section=&#8221;no&#8221; type=&#8221;full_width&#8221; angled_section=&#8221;no&#8221; text_align=&#8221;left&#8221; background_image_as_pattern=&#8221;without_pattern&#8221;][vc_column width=&#8221;1\/4&#8243;][\/vc_column][vc_column width=&#8221;1\/2&#8243;][vc_column_text]&#8217;t Pannekoekenhuisje Noordwijk, Koningin Wilhelmina Blv 15A\/B 2202GT, ist f\u00fcr die Verarbeitung personenbezogener Daten gem\u00e4\u00df dieser Datenschutzerkl\u00e4rung verantwortlich. Kontaktinformationen hetpannekoekenhuisje.nl Koningin Wilhelmina...\" \/>\n<meta property=\"og:url\" content=\"https:\/\/www.hetpannekoekenhuisje.nl\/noordwijk\/de\/datenschutzerklaerung\/\" \/>\n<meta property=\"og:site_name\" content=\"Het Pannekoekenhuisje Noordwijk\" \/>\n<meta property=\"article:modified_time\" content=\"2020-03-03T14:14:14+00:00\" \/>\n<meta name=\"twitter:card\" content=\"summary_large_image\" \/>\n<meta name=\"twitter:label1\" content=\"Geschatte leestijd\" \/>\n\t<meta name=\"twitter:data1\" content=\"5 minuten\" \/>\n<script type=\"application\/ld+json\" class=\"yoast-schema-graph\">{\"@context\":\"https:\/\/schema.org\",\"@graph\":[{\"@type\":\"WebPage\",\"@id\":\"https:\/\/www.hetpannekoekenhuisje.nl\/noordwijk\/de\/datenschutzerklaerung\/\",\"url\":\"https:\/\/www.hetpannekoekenhuisje.nl\/noordwijk\/de\/datenschutzerklaerung\/\",\"name\":\"Datenschutzerkl\u00e4rung - Het Pannekoekenhuisje Noordwijk\",\"isPartOf\":{\"@id\":\"https:\/\/www.hetpannekoekenhuisje.nl\/noordwijk\/#website\"},\"datePublished\":\"2020-02-25T09:50:04+00:00\",\"dateModified\":\"2020-03-03T14:14:14+00:00\",\"breadcrumb\":{\"@id\":\"https:\/\/www.hetpannekoekenhuisje.nl\/noordwijk\/de\/datenschutzerklaerung\/#breadcrumb\"},\"inLanguage\":\"nl-NL\",\"potentialAction\":[{\"@type\":\"ReadAction\",\"target\":[\"https:\/\/www.hetpannekoekenhuisje.nl\/noordwijk\/de\/datenschutzerklaerung\/\"]}]},{\"@type\":\"BreadcrumbList\",\"@id\":\"https:\/\/www.hetpannekoekenhuisje.nl\/noordwijk\/de\/datenschutzerklaerung\/#breadcrumb\",\"itemListElement\":[{\"@type\":\"ListItem\",\"position\":1,\"name\":\"Home\",\"item\":\"https:\/\/www.hetpannekoekenhuisje.nl\/noordwijk\/\"},{\"@type\":\"ListItem\",\"position\":2,\"name\":\"Datenschutzerkl\u00e4rung\"}]},{\"@type\":\"WebSite\",\"@id\":\"https:\/\/www.hetpannekoekenhuisje.nl\/noordwijk\/#website\",\"url\":\"https:\/\/www.hetpannekoekenhuisje.nl\/noordwijk\/\",\"name\":\"Het Pannekoekenhuisje Noordwijk\",\"description\":\"Noordwijk\",\"potentialAction\":[{\"@type\":\"SearchAction\",\"target\":{\"@type\":\"EntryPoint\",\"urlTemplate\":\"https:\/\/www.hetpannekoekenhuisje.nl\/noordwijk\/?s={search_term_string}\"},\"query-input\":\"required name=search_term_string\"}],\"inLanguage\":\"nl-NL\"}]}<\/script>\n<!-- \/ Yoast SEO plugin. -->","yoast_head_json":{"title":"Datenschutzerkl\u00e4rung - Het Pannekoekenhuisje Noordwijk","robots":{"index":"index","follow":"follow","max-snippet":"max-snippet:-1","max-image-preview":"max-image-preview:large","max-video-preview":"max-video-preview:-1"},"canonical":"https:\/\/www.hetpannekoekenhuisje.nl\/noordwijk\/de\/datenschutzerklaerung\/","og_locale":"nl_NL","og_type":"article","og_title":"Datenschutzerkl\u00e4rung - Het Pannekoekenhuisje Noordwijk","og_description":"[vc_row css_animation=&#8221;&#8221; row_type=&#8221;row&#8221; use_row_as_full_screen_section=&#8221;no&#8221; type=&#8221;full_width&#8221; angled_section=&#8221;no&#8221; text_align=&#8221;left&#8221; background_image_as_pattern=&#8221;without_pattern&#8221;][vc_column width=&#8221;1\/4&#8243;][\/vc_column][vc_column width=&#8221;1\/2&#8243;][vc_empty_space height=&#8221;75&#8243;][vc_column_text] Datenschutzerkl\u00e4rung [\/vc_column_text][vc_empty_space height=&#8221;25px&#8221;][\/vc_column][vc_column width=&#8221;1\/4&#8243;][\/vc_column][\/vc_row][vc_row css_animation=&#8221;&#8221; row_type=&#8221;row&#8221; use_row_as_full_screen_section=&#8221;no&#8221; type=&#8221;full_width&#8221; angled_section=&#8221;no&#8221; text_align=&#8221;left&#8221; background_image_as_pattern=&#8221;without_pattern&#8221;][vc_column width=&#8221;1\/4&#8243;][\/vc_column][vc_column width=&#8221;1\/2&#8243;][vc_column_text]&#8217;t Pannekoekenhuisje Noordwijk, Koningin Wilhelmina Blv 15A\/B 2202GT, ist f\u00fcr die Verarbeitung personenbezogener Daten gem\u00e4\u00df dieser Datenschutzerkl\u00e4rung verantwortlich. Kontaktinformationen hetpannekoekenhuisje.nl Koningin Wilhelmina...","og_url":"https:\/\/www.hetpannekoekenhuisje.nl\/noordwijk\/de\/datenschutzerklaerung\/","og_site_name":"Het Pannekoekenhuisje Noordwijk","article_modified_time":"2020-03-03T14:14:14+00:00","twitter_card":"summary_large_image","twitter_misc":{"Geschatte leestijd":"5 minuten"},"schema":{"@context":"https:\/\/schema.org","@graph":[{"@type":"WebPage","@id":"https:\/\/www.hetpannekoekenhuisje.nl\/noordwijk\/de\/datenschutzerklaerung\/","url":"https:\/\/www.hetpannekoekenhuisje.nl\/noordwijk\/de\/datenschutzerklaerung\/","name":"Datenschutzerkl\u00e4rung - Het Pannekoekenhuisje Noordwijk","isPartOf":{"@id":"https:\/\/www.hetpannekoekenhuisje.nl\/noordwijk\/#website"},"datePublished":"2020-02-25T09:50:04+00:00","dateModified":"2020-03-03T14:14:14+00:00","breadcrumb":{"@id":"https:\/\/www.hetpannekoekenhuisje.nl\/noordwijk\/de\/datenschutzerklaerung\/#breadcrumb"},"inLanguage":"nl-NL","potentialAction":[{"@type":"ReadAction","target":["https:\/\/www.hetpannekoekenhuisje.nl\/noordwijk\/de\/datenschutzerklaerung\/"]}]},{"@type":"BreadcrumbList","@id":"https:\/\/www.hetpannekoekenhuisje.nl\/noordwijk\/de\/datenschutzerklaerung\/#breadcrumb","itemListElement":[{"@type":"ListItem","position":1,"name":"Home","item":"https:\/\/www.hetpannekoekenhuisje.nl\/noordwijk\/"},{"@type":"ListItem","position":2,"name":"Datenschutzerkl\u00e4rung"}]},{"@type":"WebSite","@id":"https:\/\/www.hetpannekoekenhuisje.nl\/noordwijk\/#website","url":"https:\/\/www.hetpannekoekenhuisje.nl\/noordwijk\/","name":"Het Pannekoekenhuisje Noordwijk","description":"Noordwijk","potentialAction":[{"@type":"SearchAction","target":{"@type":"EntryPoint","urlTemplate":"https:\/\/www.hetpannekoekenhuisje.nl\/noordwijk\/?s={search_term_string}"},"query-input":"required name=search_term_string"}],"inLanguage":"nl-NL"}]}},"_links":{"self":[{"href":"https:\/\/www.hetpannekoekenhuisje.nl\/noordwijk\/wp-json\/wp\/v2\/pages\/913"}],"collection":[{"href":"https:\/\/www.hetpannekoekenhuisje.nl\/noordwijk\/wp-json\/wp\/v2\/pages"}],"about":[{"href":"https:\/\/www.hetpannekoekenhuisje.nl\/noordwijk\/wp-json\/wp\/v2\/types\/page"}],"author":[{"embeddable":true,"href":"https:\/\/www.hetpannekoekenhuisje.nl\/noordwijk\/wp-json\/wp\/v2\/users\/3"}],"replies":[{"embeddable":true,"href":"https:\/\/www.hetpannekoekenhuisje.nl\/noordwijk\/wp-json\/wp\/v2\/comments?post=913"}],"version-history":[{"count":5,"href":"https:\/\/www.hetpannekoekenhuisje.nl\/noordwijk\/wp-json\/wp\/v2\/pages\/913\/revisions"}],"predecessor-version":[{"id":951,"href":"https:\/\/www.hetpannekoekenhuisje.nl\/noordwijk\/wp-json\/wp\/v2\/pages\/913\/revisions\/951"}],"wp:attachment":[{"href":"https:\/\/www.hetpannekoekenhuisje.nl\/noordwijk\/wp-json\/wp\/v2\/media?parent=913"}],"curies":[{"name":"wp","href":"https:\/\/api.w.org\/{rel}","templated":true}]}}